) = 27*h**2 + 63*h + 1. Let x(q) = -4*d(q) - 11*p(q). What is x(5)?
-4
Suppose -327 = -35*z - 117. Suppose z*o = 64 - 16. Let q(f) = -6*f + 51. Give q(o).
3
Let q(f) = 5*f + 14. Let v(m) = -10*m - 96. Let i be v(-10). Let j(n) = -6*n - 14. Let y(c) = i*j(c) + 5*q(c). Give y(-7).
7
Let h(a) = -2*a - 2. Let z(l) = -8*l + 4*l + 2 + 3*l + 2*l. Let f(y) = -6*h(y) - 13*z(y). Determine f(0).
-14
Let m(c) = 2*c + 57. Suppose -1 + 1 = 41*d - 131*d. What is m(d)?
57
Let o(q) = -q + 38. Let x be o(-22). Suppose -5*h + 3*p = -67, p - 5 = 4*h - x. Let f(v) = -9*v**2 + h*v**2 + 2 - 3*v - 4*v**2. Give f(-3).
20
Let x = -19416 - -19424. Let g(o) = o**2 - 5*o - 15. Give g(x).
9
Let m be (-74)/(-8) - 2/8. Let n be (-1491)/142*8/(-7). Let a(z) = 16*z - m - 5*z - n*z. What is a(-5)?
-4
Let x(d) = -3*d - 6. Let u(p) = -4*p - 9. Let o(i) = 5*u(i) - 7*x(i). Suppose 23 = 8*s - 4*s - a, -s + 3*a - 8 = 0. Determine o(s).
4
Let y(f) = f**3 - 8*f**2 + 5*f - 50. Suppose -2*g + 3 + 1 = 0, -2*g = l - 12. Give y(l).
-10
Suppose 0 = r - 14 + 62. Let y be (-1)/(4/6)*(-32)/r. Let w(g) be the third derivative of g**4/24 + 11*g**2. Give w(y).
-1
Suppose 2*f = 0, 2*l + 2*l + 2*f = -896. Let o = 230 + l. Let m(c) = c**3 - 5*c**2 - 2*c + 7. What is m(o)?
31
Let q(c) = c**2 - 2*c - 32. Let l = -9987 - -9982. Calculate q(l).
3
Suppose -h = q + 7, -18*h = -q - 21*h - 15. Let u(t) = -t**3 + 3*t - 27. Determine u(q).
-9
Suppose 58 = -12*c + 41*c. Let i(p) = 12*p + 19*p - 12*p**c + 15*p + 14*p**2 + 7 - 53*p. What is i(6)?
37
Suppose -3*g = -2*s + 15, -3*g - 13 = s + 2. Let i(n) = -15*n - 19. Give i(s).
-19
Let t = 67 + -64. Let y(i) = -9*i + 3*i - 2 - t + 3. Determine y(-3).
16
Let x(u) be the first derivative of u**2 + 17*u + 4140. Determine x(-2).
13
Suppose -49*n + 21*n + 30*n = 48. Let z(r) = r**3 - 23*r**2 - 23*r - 30. What is z(n)?
-6
Let z(c) = c**3 - 9*c**2 - 18*c + 42. Let p be z(11). Let t(o) = 3*o + 176*o**2 - p*o**2 - 4 + o + o**3 - 94*o**2. Determine t(3).
-1
Let b(m) = m**3 + 20*m**2 - 96*m + 39. Let x be b(-24). Suppose x*h + 36 + 3 = 0. Let q(k) = -26*k**2 + 1. Give q(h).
-25
Let c(l) = -6180*l**2 + 3 + 3080*l**2 + l**3 + 3087*l**2. What is c(13)?
3
Let c = 2158 + -2169. Let n(u) = -3*u**2 - 25*u + 7. Calculate n(c).
-81
Let y(w) = 8*w**2 - 29*w + 23. Let o(k) = 3*k**2 - 9*k + 8. Let f(t) = -11*o(t) + 4*y(t). Let g be f(-17). Let s(m) = m**2 - 7*m + 8. Determine s(g).
-4
Let c(k) be the first derivative of k - 562. Let w(f) = -f. Let b(t) = -6*t - 4. Let i(z) = -b(z) + 4*w(z). Let x(s) = 5*c(s) - i(s). Determine x(7).
-13
Let b = -1/11322 - -7549/11322. Let d(s) be the third derivative of 0 + 0*s - 9*s**2 - b*s**3 - 1/60*s**5 - 1/8*s**4. What is d(-4)?
-8
Let o(d) = 6*d - 16. Suppose 5*y - 12 = l, -104*y + 99*y + 2*l = -19. Calculate o(y).
-10
Let l(n) = 9*n - 3. Let c(q) = q**2 + 30*q - 6. Let z(p) = -c(p) + 4*l(p). Calculate z(1).
-1
Let y(k) = k**2 - 6*k - 11. Let x be -3 + 14 - (25 - 22/1). Determine y(x).
5
Let d(m) be the first derivative of 1/3*m**3 - 4*m**2 + 5*m + 92. Give d(5).
-10
Let x be -3*(-2)/30 - 744/(-155). Suppose r + 10*a - 8*a + 3 = 0, -x*r + 5*a + 45 = 0. Let j(y) = -y**2 + 4*y - 1. Determine j(r).
-6
Let y = -3947 - -3935. Let q(c) = -3*c - 24. What is q(y)?
12
Let b be (1 - 7/5)*-5. Let r(s) = s**2 + 3*s - 71. Let y(u) = -21*u**2 - 65*u + 1526. Let j(f) = -43*r(f) - 2*y(f). Determine j(b).
-1
Suppose 3270 = 297*t + 357*t. Let v(x) = x**3 + 1. Let i(f) = 2*f**3 + 5*f**2 - 3. Let n(j) = -i(j) + 3*v(j). Calculate n(t).
6
Let l = -50 + 57. Let k(i) be the second derivative of i**6/360 - i**5/15 - i**4/8 + 7*i**3/2 + 6*i. Let b(v) be the second derivative of k(v). Give b(l).
-10
Let o(y) be the third derivative of -y**5/15 + y**4/12 - y**3/6 + 8*y**2. Let m = -40 + 49. Suppose 16*n = m*n + 7. What is o(n)?
-3
Let b(o) = 2*o**3 + o**2 + 2*o - 11. Let n(w) = -2*w**2 + 175*w + 450. Let f be n(90). Determine b(f).
-11
Suppose 5*a - 25 = -5. Suppose 4*w + 3 = 3*d, 0*d - 2*w - 18 = a*d. Let m(h) = -h**2 - h + 1. Let q be m(d). Let l(y) = -y**2 - 6*y + 3. What is l(q)?
8
Suppose 0 = 4*o - 4*b + 112, -2*o + 12 - 77 = -5*b. Let i = 15 + o. Let q(d) = d**2 + 10*d - 3. Let z be q(i). Let n(t) = -2*t**2 - 4*t - 3. Calculate n(z).
-9
Let j = 194 + -192. Let r(q) = -2*q**2 - 11 - 26*q**2 - 9*q + 27*q**j. What is r(-8)?
-3
Let t(x) = x**3 - 12*x**2 + 3*x - 45. Let y(k) = -k**3 + 3*k**2 + 20*k. Let s be y(6). What is t(s)?
-9
Let u(w) = 16*w - 76. Let r(p) = -17*p + 86. Let o(g) = -5*r(g) - 6*u(g). Calculate o(4).
-18
Let o(g) be the first derivative of 11*g + 1/4*g**4 - 28 + 8/3*g**3 - 4*g**2. Calculate o(-9).
2
Let i(m) be the third derivative of 0 - 1/6*m**4 - 74*m**2 + m - 1/2*m**3. Give i(-2).
5
Let b(s) = s + 1. Let n(w) = -4*w + 1. Let a(v) = 3*b(v) + n(v). Let r = 179 + -172. Suppose 0 = -4*m + 3*j + r + 17, 2*m = j + 10. Calculate a(m).
1
Let x(p) = 3*p + 4*p + p**3 - 8*p + 5*p - 3*p**2 + p. Let j(i) = -2*i**3 + 5*i**2 - 6*i - 1. Let b(t) = 2*j(t) + 3*x(t). What is b(-3)?
25
Suppose -8*n + 19 = -69. Let w(v) = -v**2 + 10*v + 15. Calculate w(n).
4
Let w = -17 + 9. Let h(k) be the first derivative of -k**4/4 - 3*k**3 - 4*k**2 - 5*k - 2736. Give h(w).
-5
Let d be 4/(-6)*(-54)/3. Let m(p) be the second derivative of p**3/6 - 15*p**2/2 - p - 26581. Determine m(d).
-3
Let j = 2 - 2. Let b(p) = -p - 6. Let s be b(j). Let m(z) = 560*z**2 + 321*z**2 + 6*z - 5 - 880*z**2. What is m(s)?
-5
Suppose -8 = -3*f + 4, -3*f + 777 = -3*i. Let p = 251 + i. Let k(m) = 5 + 4*m**2 - 8*m + 2*m - 5*m**2. Give k(p).
13
Let v(q) = q**2 + 4*q - 6. Let p = 65 + -65. Let a be (1*(p + 0))/1. Suppose -42 = -a*d + 7*d. Calculate v(d).
6
Let d(h) = 3*h**2 - 3*h + 1. Let n(z) = 2*z**2 - 27*z + 20. Let b(r) = d(r) + n(r). Calculate b(5).
-4
Let n(w) = 27*w. Suppose 106*s - 534 = 271*s + 369*s. Determine n(s).
-27
Let x(s) = 3*s**2 - 1 - 2*s**2 + 2 - 2 - 6*s. Let l(h) = 6*h**2 - 29*h - 5. Let k(d) = -16*d - 30. Let t be k(-2). Let a(r) = t*l(r) - 11*x(r). What is a(-8)?
1
Suppose 0*x - x - 5 = 0, -485 = -5*f + 2*x. Let r(c) = 14*c - 3*c + f*c**2 - 94*c**2 + 0 - 1. Determine r(-11).
-1
Let m(b) = -10*b**2 - 19*b - 22. Let x(z) = -3*z**2 - 6*z - 7. Let o(l) = -2*m(l) + 7*x(l). Let k(d) = -d**2 + 19*d - 63. Let q be k(4). Give o(q).
-2
Let g(i) = 2*i + 3. Suppose -8*l + 4*l = -20. Suppose 3*k - l*m - 55 = 0, m = -2*m + 3. Suppose 10*v = 5*v - k. What is g(v)?
-5
Let w(f) be the first derivative of f**4/4 + 13*f**3/3 + 3*f**2/2 + 32*f + 1099. What is w(-13)?
-7
Let r(f) be the first derivative of f**3/3 + 17*f**2/2 + 60*f + 173. Give r(-12).
0
Let n be (-4)/(-8) + 3*(-20)/(-24). Let l(z) = -2*z - 2*z - 35*z**2 + 5 - z**n + 29*z**2. Calculate l(-5).
0
Let k(i) = 6*i**2 - 4. Let v(j) = -35*j**2 - 3*j + 23. Let x(z) = -5*k(z) - v(z). Give x(4).
89
Let g(w) = 2*w**2 - 61*w + 74. Let z be ((-37)/((-333)/(-10)))/((-1)/27). Determine g(z).
44
Let o be (2 - 4) + 1*(-30)/(-5). Suppose 20 = 6*j - o. Let i be j + (0/(1 - 3) - 0). Let w(h) = -h**3 + 3*h**2 + 6*h - 3. Calculate w(i).
5
Let s(y) = 16*y - 6. Let u(r) = r**3 + 116*r**2 + 662*r + 218. Let d be u(-110). What is s(d)?
-38
Let s(o) = -o**2 - o - 11. Let m be ((-27)/(-6))/((2 - (-4)/(-16)) + -1). Give s(m).
-53
Let t(o) be the first derivative of 43/3*o**3 - 1/8*o**4 + 0*o + 0*o**2 + 0*o**5 - 46 + 1/360*o**6. Let h(v) be the third derivative of t(v). Determine h(3).
6
Let p(w) = -2*w + 29. Let v be p(14). Let y(j) = -2 - 59*j - 56*j + j**2 + 115*j. Let z be y(v). Let g(s) = 6*s**3 + s + 1. Give g(z).
-6
Let r(z) = -2*z + 2. Let p(o) = 4*o - 5. Suppose 83 - 203 = 20*b. Let s be ((2 - 4) + 0)*7. Let i(y) = b*p(y) + s*r(y). Give i(-4).
-14
Let d(w) = 69*w - 72. Let r(j) = -3*j + 1. Let t(q) = -d(q) - 24*r(q). Calculate t(-16).
0
Let u(n) = 2*n - 1. Suppose 0 = -21*v + 234 + 648. Suppose 126*j = 132*j - v. What is u(j)?
13
Suppose -2*r - 5 = 7. Let v(a) = 49*a**2 - 2*a + 17. Let j(y) = -43*y**2 + y - 16. Let l(u) = 8*j(u) + 7*v(u). What is l(r)?
-9
Let h(z) = -3*z + 5 - 4*z - 2. Let d be 9/(-1) - (4 - 0 - 10). Let c(q) = 2*q**3 - 7*q**2 - 42*q - 7. Let g be c(d). Calculate h(g).
-11
Let n(v) = 5*v**3 + 79*v**2 - 4*v + 190. Let z be n(-16). Let l(y) = 30*y + 57. What is l(z)?
-3
Suppose -37*b + 30 + 266 = 0. Let n(r) = 4*r**2 - 14*r + 31. Let z(g) = -g**2